 {"id":11432,"date":"2023-01-18T18:14:59","date_gmt":"2023-01-18T18:14:59","guid":{"rendered":"https:\/\/diszfa.hu\/?post_type=product&#038;p=11432"},"modified":"2023-01-18T18:15:00","modified_gmt":"2023-01-18T18:15:00","slug":"cortaderia-selloana-pampafu","status":"publish","type":"product","link":"https:\/\/diszfa.hu\/?product=cortaderia-selloana-pampafu","title":{"rendered":"Cortaderia selloana &#8211;  pampaf\u0171"},"content":{"rendered":"<p>2 literes cser\u00e9be\u00a0 \u00fcltetett t\u00f6veket k\u00fcld\u00fcnk , amik kora tavasszal \u00e9s \u0151sszel\u00a0 \u00a0v\u00e1s\u00e1rolva szinte sz\u00e9tfesz\u00edtik a cserep\u00fcket\u00a0 akkora t\u00f6vek !<\/p>\n","protected":false},"excerpt":{"rendered":"<p>A diszf\u00fcvek k\u00f6z\u00f6tt\u00a0 a pampaf\u0171 az, amelyik fajt a legt\u00f6bb ember, legyen ak\u00e1r laikus, a nev\u00e9n tud nevezni. Ez nem csoda , mert az \u00f6sszel vir\u00e1gba bor\u00fal\u00f3 n\u00f6v\u00e9ny annyira\u00a0 felt\u0171n\u0151 \u00e9s annyira sz\u00e9p, hogy szinte mindenki \u00e9rdekl\u0151d\u00e9s\u00e9t felkelti.\u00a0 Napos helyen , nyirott gyepb\u0151l 2-3 m\u00e9ter magass\u00e1gba felt\u00f6r\u0151\u00a0 \u00a0feh\u00e9r tollbug\u00e1i monument\u00e1lis\u00a0 diszei a kertnek.\u00a0 Fagy\u00e9rz\u00e9kenys\u00e9ge\u00a0 meleged\u0151 kl\u00edm\u00e1nkban egyre kev\u00e9sb\u00e9\u00a0 tartja t\u00e1vol a\u00a0 v\u00e1s\u00e1rl\u00f3kat .\u00a0 A pang\u00f3 vizet,\u00a0 a k\u00fcl\u00f6n\u00f6sen t\u00e9len, nem t\u0171ri!<\/p>\n","protected":false},"featured_media":11433,"comment_status":"closed","ping_status":"closed","template":"","meta":{"jetpack_publicize_message":"","jetpack_publicize_feature_enabled":true,"jetpack_social_post_already_shared":true,"jetpack_social_options":{"image_generator_settings":{"template":"highway","default_image_id":0,"font":"","enabled":false},"version":2}},"product_brand":[],"product_cat":[25],"product_tag":[30,51],"class_list":["post-11432","product","type-product","status-publish","has-post-thumbnail","product_cat-evelo-lagyszaru-novenyek","product_tag-fagyturo","product_tag-szarazsag-turo","first","instock","taxable","shipping-taxable","purchasable","product-type-simple"],"jetpack_publicize_connections":[],"jetpack_sharing_enabled":true,"jetpack-related-posts":[],"_links":{"self":[{"href":"https:\/\/diszfa.hu\/index.php?rest_route=\/wp\/v2\/product\/11432","targetHints":{"allow":["GET"]}}],"collection":[{"href":"https:\/\/diszfa.hu\/index.php?rest_route=\/wp\/v2\/product"}],"about":[{"href":"https:\/\/diszfa.hu\/index.php?rest_route=\/wp\/v2\/types\/product"}],"replies":[{"embeddable":true,"href":"https:\/\/diszfa.hu\/index.php?rest_route=%2Fwp%2Fv2%2Fcomments&post=11432"}],"wp:featuredmedia":[{"embeddable":true,"href":"https:\/\/diszfa.hu\/index.php?rest_route=\/wp\/v2\/media\/11433"}],"wp:attachment":[{"href":"https:\/\/diszfa.hu\/index.php?rest_route=%2Fwp%2Fv2%2Fmedia&parent=11432"}],"wp:term":[{"taxonomy":"product_brand","embeddable":true,"href":"https:\/\/diszfa.hu\/index.php?rest_route=%2Fwp%2Fv2%2Fproduct_brand&post=11432"},{"taxonomy":"product_cat","embeddable":true,"href":"https:\/\/diszfa.hu\/index.php?rest_route=%2Fwp%2Fv2%2Fproduct_cat&post=11432"},{"taxonomy":"product_tag","embeddable":true,"href":"https:\/\/diszfa.hu\/index.php?rest_route=%2Fwp%2Fv2%2Fproduct_tag&post=11432"}],"curies":[{"name":"wp","href":"https:\/\/api.w.org\/{rel}","templated":true}]}}

Cortaderia selloana &#8211;  pampafű

<p>2 literes cserébe  ültetett töveket küldünk , amik kora tavasszal és ősszel   vásárolva szinte szétfeszítik a cserepüket  akkora tövek !</p>

<p>A diszfüvek között  a pampafű az, amelyik fajt a legtöbb ember, legyen akár laikus, a nevén tud nevezni. Ez nem csoda , mert az összel virágba borúló növény annyira  feltűnő és annyira szép, hogy szinte mindenki érdeklődését felkelti.  Napos helyen , nyirott gyepből 2-3 méter magasságba feltörő   fehér tollbugái monumentális  diszei a kertnek.  Fagyérzékenysége  melegedő klímánkban egyre kevésbé  tartja távol a  vásárlókat .  A pangó vizet,  a különösen télen, nem tűri!</p>
