 {"id":234,"date":"2014-02-19T05:06:07","date_gmt":"2014-02-19T05:06:07","guid":{"rendered":"http:\/\/diszfa.hu\/wp\/?page_id=234"},"modified":"2018-07-20T10:03:52","modified_gmt":"2018-07-20T10:03:52","slug":"kiskereskedelem","status":"publish","type":"page","link":"https:\/\/diszfa.hu\/?page_id=234","title":{"rendered":"KISKERESKEDELEM"},"content":{"rendered":"<p>B\u00e1r telephely\u00fcnk termeszt\u0151\u00fczem jelleg\u0171, kert\u00e9szet\u00fcnk nyitva \u00e1ll k\u00f6zvetlen\u00fcl a fogyaszt\u00f3k, mag\u00e1nv\u00e1s\u00e1rl\u00f3k r\u00e9sz\u00e9re is. Mivel minden n\u00f6v\u00e9nyf\u00e9les\u00e9get nem tudunk saj\u00e1t magunk el\u0151\u00e1ll\u00edtani, igyeksz\u00fcnk a k\u00e9szleteinket \u00a0v\u00e1s\u00e1rl\u00e1sokkal komplett\u00e9 tenni. Ennek eredm\u00e9nyek\u00e9ppen gyakorlatilag minden n\u00f6v\u00e9nykateg\u00f3ri\u00e1t megtal\u00e1lhatnak n\u00e1lunk, az \u00e9ppen hi\u00e1nyz\u00f3 fajt\u00e1k &#8211; m\u00e9retek. vagy mennyis\u00e9gek &#8211; \u00a0beszerz\u00e9st r\u00f6vid hat\u00e1rid\u0151vel, versenyk\u00e9pes \u00e1rakon v\u00e1llaljuk. Kiskereskedelmi viszonylatban is honor\u00e1ljuk a \u00a0mennyis\u00e9gi v\u00e1s\u00e1rl\u00e1st \u00e9s a megrendel\u00e9s ny\u00fajtotta biztons\u00e1got. Kiskereskedelmi forgalmunk h\u00e1nyada egyre n\u0151, ami az \u00a0el\u00e9gedett, visszat\u00e9r\u0151 vev\u0151k\u00f6rnek k\u00f6sz\u00f6nhet\u0151.<\/p>\n<p><span style=\"color: #000000;\"><strong>FIGYELEM! A n\u00e1lunk v\u00e1s\u00e1rolt \u00e1rut az orsz\u00e1g <span style=\"text-decoration: underline;\">b\u00e1rmely pontj\u00e1ra, ak\u00e1r 48 \u00f3r\u00e1n bel\u00fcl<\/span>\u00a0h\u00e1zhoz sz\u00e1ll\u00edtjuk\/k\u00fcldj\u00fck ak\u00e1r m\u00e1r egy raklapnyi mennyis\u00e9gben is, \u00a0egys\u00e9gesen <\/strong><\/span><\/p>\n<p><span style=\"color: #000000;\"><strong>14.000.-Ft\/raklap csomagol\u00e1si \u00e9s sz\u00e1ll\u00edt\u00e1si d\u00edj ellen\u00e9ben!<\/strong><\/span><\/p>\n<p><span style=\"color: #ff0000;\"><strong>A gal\u00e9ri\u00e1k men\u00fcbe t\u00f6lt\u00f6ttem fel a csokor k\u00e9pet a 2014 \u0151szi k\u00e9szleteinkb\u0151l v\u00e1logatva!<\/strong><\/span><\/p>\n<p><a href=\"http:\/\/diszfa.hu\/wp-content\/uploads\/2014\/02\/IMG_0206.jpg\"><img loading=\"lazy\" decoding=\"async\" data-attachment-id=\"251\" data-permalink=\"https:\/\/diszfa.hu\/?attachment_id=251\" data-orig-file=\"https:\/\/diszfa.hu\/wp-content\/uploads\/2014\/02\/IMG_0206.jpg\" data-orig-size=\"2048,1536\" data-comments-opened=\"1\" data-image-meta=\"{&quot;aperture&quot;:&quot;4&quot;,&quot;credit&quot;:&quot;&quot;,&quot;camera&quot;:&quot;Canon PowerShot S2 IS&quot;,&quot;caption&quot;:&quot;&quot;,&quot;created_timestamp&quot;:&quot;1309701312&quot;,&quot;copyright&quot;:&quot;&quot;,&quot;focal_length&quot;:&quot;6&quot;,&quot;iso&quot;:&quot;0&quot;,&quot;shutter_speed&quot;:&quot;0.004&quot;,&quot;title&quot;:&quot;&quot;}\" data-image-title=\"IMG_0206\" data-image-description=\"\" data-image-caption=\"\" data-large-file=\"https:\/\/diszfa.hu\/wp-content\/uploads\/2014\/02\/IMG_0206.jpg\" class=\"alignnone size-medium wp-image-251\" src=\"http:\/\/diszfa.hu\/wp-content\/uploads\/2014\/02\/IMG_0206-300x225.jpg\" alt=\"IMG_0206\" width=\"300\" height=\"225\" srcset=\"https:\/\/diszfa.hu\/wp-content\/uploads\/2014\/02\/IMG_0206.jpg 300w, https:\/\/diszfa.hu\/wp-content\/uploads\/2014\/02\/IMG_0206.jpg 1024w, https:\/\/diszfa.hu\/wp-content\/uploads\/2014\/02\/IMG_0206.jpg 2048w\" sizes=\"auto, (max-width: 300px) 100vw, 300px\" \/><\/a> <a href=\"http:\/\/diszfa.hu\/wp-content\/uploads\/2014\/02\/kont\u00e9neres-n\u00f6v\u00e9nyek.jpg\"><img loading=\"lazy\" decoding=\"async\" data-attachment-id=\"262\" data-permalink=\"https:\/\/diszfa.hu\/?attachment_id=262\" data-orig-file=\"https:\/\/diszfa.hu\/wp-content\/uploads\/2014\/02\/kont\u00e9neres-n\u00f6v\u00e9nyek.jpg\" data-orig-size=\"1354,892\" data-comments-opened=\"1\" data-image-meta=\"{&quot;aperture&quot;:&quot;0&quot;,&quot;credit&quot;:&quot;&quot;,&quot;camera&quot;:&quot;&quot;,&quot;caption&quot;:&quot;&quot;,&quot;created_timestamp&quot;:&quot;0&quot;,&quot;copyright&quot;:&quot;&quot;,&quot;focal_length&quot;:&quot;0&quot;,&quot;iso&quot;:&quot;0&quot;,&quot;shutter_speed&quot;:&quot;0&quot;,&quot;title&quot;:&quot;&quot;}\" data-image-title=\"kont\u00e9neres n\u00f6v\u00e9nyek\" data-image-description=\"\" data-image-caption=\"\" data-large-file=\"https:\/\/diszfa.hu\/wp-content\/uploads\/2014\/02\/kont\u00e9neres-n\u00f6v\u00e9nyek.jpg\" class=\"alignnone size-medium wp-image-262\" src=\"http:\/\/diszfa.hu\/wp-content\/uploads\/2014\/02\/kont\u00e9neres-n\u00f6v\u00e9nyek-300x197.jpg\" alt=\"kont\u00e9neres n\u00f6v\u00e9nyek\" width=\"300\" height=\"197\" srcset=\"https:\/\/diszfa.hu\/wp-content\/uploads\/2014\/02\/kont\u00e9neres-n\u00f6v\u00e9nyek.jpg 300w, https:\/\/diszfa.hu\/wp-content\/uploads\/2014\/02\/kont\u00e9neres-n\u00f6v\u00e9nyek.jpg 1024w, https:\/\/diszfa.hu\/wp-content\/uploads\/2014\/02\/kont\u00e9neres-n\u00f6v\u00e9nyek.jpg 1354w\" sizes=\"auto, (max-width: 300px) 100vw, 300px\" \/><\/a><\/p>\n","protected":false},"excerpt":{"rendered":"<p>B\u00e1r telephely\u00fcnk termeszt\u0151\u00fczem jelleg\u0171, kert\u00e9szet\u00fcnk nyitva \u00e1ll k\u00f6zvetlen\u00fcl a fogyaszt\u00f3k, mag\u00e1nv\u00e1s\u00e1rl\u00f3k r\u00e9sz\u00e9re is. Mivel minden n\u00f6v\u00e9nyf\u00e9les\u00e9get nem tudunk saj\u00e1t magunk el\u0151\u00e1ll\u00edtani, igyeksz\u00fcnk a k\u00e9szleteinket \u00a0v\u00e1s\u00e1rl\u00e1sokkal komplett\u00e9 tenni. Ennek eredm\u00e9nyek\u00e9ppen gyakorlatilag minden n\u00f6v\u00e9nykateg\u00f3ri\u00e1t megtal\u00e1lhatnak n\u00e1lunk, az \u00e9ppen hi\u00e1nyz\u00f3 fajt\u00e1k &#8211; m\u00e9retek. &hellip; <a href=\"https:\/\/diszfa.hu\/?page_id=234\">Continued<\/a><\/p>\n","protected":false},"author":2,"featured_media":262,"parent":209,"menu_order":0,"comment_status":"open","ping_status":"open","template":"","meta":{"footnotes":""},"class_list":["post-234","page","type-page","status-publish","has-post-thumbnail","hentry"],"jetpack_sharing_enabled":true,"jetpack_shortlink":"https:\/\/wp.me\/PaO27k-3M","jetpack-related-posts":[],"_links":{"self":[{"href":"https:\/\/diszfa.hu\/index.php?rest_route=\/wp\/v2\/pages\/234","targetHints":{"allow":["GET"]}}],"collection":[{"href":"https:\/\/diszfa.hu\/index.php?rest_route=\/wp\/v2\/pages"}],"about":[{"href":"https:\/\/diszfa.hu\/index.php?rest_route=\/wp\/v2\/types\/page"}],"author":[{"embeddable":true,"href":"https:\/\/diszfa.hu\/index.php?rest_route=\/wp\/v2\/users\/2"}],"replies":[{"embeddable":true,"href":"https:\/\/diszfa.hu\/index.php?rest_route=%2Fwp%2Fv2%2Fcomments&post=234"}],"version-history":[{"count":17,"href":"https:\/\/diszfa.hu\/index.php?rest_route=\/wp\/v2\/pages\/234\/revisions"}],"predecessor-version":[{"id":2987,"href":"https:\/\/diszfa.hu\/index.php?rest_route=\/wp\/v2\/pages\/234\/revisions\/2987"}],"up":[{"embeddable":true,"href":"https:\/\/diszfa.hu\/index.php?rest_route=\/wp\/v2\/pages\/209"}],"wp:featuredmedia":[{"embeddable":true,"href":"https:\/\/diszfa.hu\/index.php?rest_route=\/wp\/v2\/media\/262"}],"wp:attachment":[{"href":"https:\/\/diszfa.hu\/index.php?rest_route=%2Fwp%2Fv2%2Fmedia&parent=234"}],"curies":[{"name":"wp","href":"https:\/\/api.w.org\/{rel}","templated":true}]}}

<p>Bár telephelyünk termesztőüzem jellegű, kertészetünk nyitva áll közvetlenül a fogyasztók, magánvásárlók részére is. Mivel minden növényféleséget nem tudunk saját magunk előállítani, igyekszünk a készleteinket  vásárlásokkal kompletté tenni. Ennek eredményeképpen gyakorlatilag minden növénykategóriát megtalálhatnak nálunk, az éppen hiányzó fajták &#8211; méretek. vagy mennyiségek &#8211;  beszerzést rövid határidővel, versenyképes árakon vállaljuk. Kiskereskedelmi viszonylatban is honoráljuk a  mennyiségi vásárlást és a megrendelés nyújtotta biztonságot. Kiskereskedelmi forgalmunk hányada egyre nő, ami az  elégedett, visszatérő vevőkörnek köszönhető.</p>
<p><span style="color: #000000;"><strong>FIGYELEM! A nálunk vásárolt árut az ország <span style="text-decoration: underline;">bármely pontjára, akár 48 órán belül</span> házhoz szállítjuk/küldjük akár már egy raklapnyi mennyiségben is,  egységesen </strong></span></p>
<p><span style="color: #000000;"><strong>14.000.-Ft/raklap csomagolási és szállítási díj ellenében!</strong></span></p>
<p><span style="color: #ff0000;"><strong>A galériák menübe töltöttem fel a csokor képet a 2014 őszi készleteinkből válogatva!</strong></span></p>
<p><a href="http://diszfa.hu/wp-content/uploads/2014/02/IMG_0206.jpg"><img loading="lazy" decoding="async" data-attachment-id="251" data-permalink="https://diszfa.hu/?attachment_id=251" data-orig-file="https://diszfa.hu/wp-content/uploads/2014/02/IMG_0206.jpg" data-orig-size="2048,1536" data-comments-opened="1" data-image-meta="{&quot;aperture&quot;:&quot;4&quot;,&quot;credit&quot;:&quot;&quot;,&quot;camera&quot;:&quot;Canon PowerShot S2 IS&quot;,&quot;caption&quot;:&quot;&quot;,&quot;created_timestamp&quot;:&quot;1309701312&quot;,&quot;copyright&quot;:&quot;&quot;,&quot;focal_length&quot;:&quot;6&quot;,&quot;iso&quot;:&quot;0&quot;,&quot;shutter_speed&quot;:&quot;0.004&quot;,&quot;title&quot;:&quot;&quot;}" data-image-title="IMG_0206" data-image-description="" data-image-caption="" data-large-file="https://diszfa.hu/wp-content/uploads/2014/02/IMG_0206.jpg" class="alignnone size-medium wp-image-251" src="http://diszfa.hu/wp-content/uploads/2014/02/IMG_0206-300x225.jpg" alt="IMG_0206" width="300" height="225" srcset="https://diszfa.hu/wp-content/uploads/2014/02/IMG_0206.jpg 300w, https://diszfa.hu/wp-content/uploads/2014/02/IMG_0206.jpg 1024w, https://diszfa.hu/wp-content/uploads/2014/02/IMG_0206.jpg 2048w" sizes="auto, (max-width: 300px) 100vw, 300px" /></a> <a href="http://diszfa.hu/wp-content/uploads/2014/02/konténeres-növények.jpg"><img loading="lazy" decoding="async" data-attachment-id="262" data-permalink="https://diszfa.hu/?attachment_id=262" data-orig-file="https://diszfa.hu/wp-content/uploads/2014/02/konténeres-növények.jpg" data-orig-size="1354,892" data-comments-opened="1" data-image-meta="{&quot;aperture&quot;:&quot;0&quot;,&quot;credit&quot;:&quot;&quot;,&quot;camera&quot;:&quot;&quot;,&quot;caption&quot;:&quot;&quot;,&quot;created_timestamp&quot;:&quot;0&quot;,&quot;copyright&quot;:&quot;&quot;,&quot;focal_length&quot;:&quot;0&quot;,&quot;iso&quot;:&quot;0&quot;,&quot;shutter_speed&quot;:&quot;0&quot;,&quot;title&quot;:&quot;&quot;}" data-image-title="konténeres növények" data-image-description="" data-image-caption="" data-large-file="https://diszfa.hu/wp-content/uploads/2014/02/konténeres-növények.jpg" class="alignnone size-medium wp-image-262" src="http://diszfa.hu/wp-content/uploads/2014/02/konténeres-növények-300x197.jpg" alt="konténeres növények" width="300" height="197" srcset="https://diszfa.hu/wp-content/uploads/2014/02/konténeres-növények.jpg 300w, https://diszfa.hu/wp-content/uploads/2014/02/konténeres-növények.jpg 1024w, https://diszfa.hu/wp-content/uploads/2014/02/konténeres-növények.jpg 1354w" sizes="auto, (max-width: 300px) 100vw, 300px" /></a></p>

<p>Bár telephelyünk termesztőüzem jellegű, kertészetünk nyitva áll közvetlenül a fogyasztók, magánvásárlók részére is. Mivel minden növényféleséget nem tudunk saját magunk előállítani, igyekszünk a készleteinket  vásárlásokkal kompletté tenni. Ennek eredményeképpen gyakorlatilag minden növénykategóriát megtalálhatnak nálunk, az éppen hiányzó fajták &#8211; méretek. &hellip; <a href="https://diszfa.hu/?page_id=234">Continued</a></p>
